-1). Let w(v) = -3*v - 13*v**2 + 56*v**d + 3*v. Is w(-1) a prime number?
True
Let h = 14864 - -5025. Is h a prime number?
True
Suppose -3*h - m - 7595 = -23112, -5*h = -5*m - 25875. Is h composite?
True
Let n(q) be the third derivative of 0 + 1/24*q**4 + 0*q**5 + 37/20*q**6 + 0*q + 2*q**2 - 1/3*q**3. Is n(1) a prime number?
False
Let x(z) = -6*z - 5*z**2 + 45*z**3 + z - 47*z**3. Let g be x(-2). Suppose -1655 = y - g*y. Is y a prime number?
True
Let y = 200 + -70. Let t(r) = 24*r - 19. Let u be t(4). Let w = y - u. Is w composite?
False
Suppose -4*z = -2*z - 2. Let n(a) be the third derivative of 497*a**5/60 - a**4/24 + a**3/6 + a**2. Is n(z) a prime number?
False
Let r = 61 + -105. Let v = 65 - r. Is v a prime number?
True
Suppose 3*a - 8 = -a. Suppose 0 = -m + 4*w + 757 - 1, a*w = 4. Suppose -z - 3*z = -m. Is z a composite number?
False
Suppose -34*d - 90412 = -62*d. Is d composite?
False
Let g be (4/5)/((-2)/(-160)). Let l(f) = -2*f**2 - 24*f - 15. Let o be l(-12). Let b = g - o. Is b a prime number?
True
Suppose 28 = 4*h - 2*y, 0 = -3*h + y - 3*y + 21. Suppose -h*f = -1601 + 124. Is f a composite number?
False
Let i(n) = 3*n**2 - 3*n**2 + n**2 + 2 - 8*n + 1. Let k be i(7). Let j(l) = -4*l**3 - 4*l**2 - 5*l - 1. Is j(k) a composite number?
False
Suppose 3*w - 2 = -2*v, 4*w - 2*v - 14 = -2. Suppose -w*n - 30 = -5*n. Let t(q) = q**2 + 8*q + 7. Is t(n) composite?
True
Let m(l) = -15*l**2 - 6*l - 29. Let h be m(-13). Is h/(-4) - 9/(-18) a prime number?
False
Suppose 4*x - 74 = 286. Let l = x - -298. Suppose -6*i = -2*i - l. Is i composite?
False
Let v be 216/135 - ((-7)/5 + 1). Suppose -5*h = -4*y + 399, -56 = -v*y - 5*h + 181. Is y composite?
True
Suppose 2*z - 112736 = -6*z. Is z/14 - 5/((-35)/3) composite?
True
Let n(w) = -5*w**3 - 11*w**2 + 11*w - 10. Let r be n(8). Let f = 8020 + r. Is f composite?
True
Suppose 0 = 94*d - 1810438 - 588724. Is d a composite number?
False
Let n = -47 + 46. Is (1174/2 - 0) + n composite?
True
Suppose -8 = -4*k + 4. Suppose 2*b = -v - 472, b + k*v = -v - 236. Let y = 81 - b. Is y a composite number?
False
Let i(u) = -2*u - 1. Let r be i(-3). Let w = 5 - r. Suppose w*b = 4*b - 332. Is b composite?
False
Let n(s) = 32*s**3 - 10*s**2 + 5*s + 38. Is n(7) a prime number?
True
Let y be (-246)/21 - (-4)/(-14). Suppose 0 = -2*h + 3*i - 136, 0 = -4*h - h + 3*i - 331. Let d = y - h. Is d a composite number?
False
Let h(b) = b**3 + 6*b**2 + 6*b + 3. Let a be h(-5). Let n = -2 + a. Is 1520/6 + n/12 a prime number?
False
Suppose -o + 6801 = 5*n, -7*o - 5460 = -4*n - 3*o. Is n a composite number?
False
Let l(n) = n**2 + 6*n - 2. Let r be l(-7). Suppose 572 = g + 4*w + w, 3*w = -r*g + 2750. Is g a composite number?
False
Suppose 2*w = -3*w - 3*w. Suppose f + w*f - 2119 = 0. Is f a prime number?
False
Suppose -4618 = -9*s + 4535. Let i = s - 6. Is i composite?
True
Suppose 0 = 3*i - 4*f + 6, -i - 5*f = 4*i - 25. Suppose -y = i*v - 596, -2*v + 3*y + 596 = -2*y. Is v a composite number?
True
Let g(f) = -2*f**3 + 26*f**2 - 25*f + 32. Is g(-14) composite?
True
Suppose -4*p = 2*q + 84 - 344, -p + 4*q = -56. Let w be 5*(-17 - 2)*10/25. Let u = p + w. Is u a composite number?
True
Let q(w) = 3*w**3 - 3*w**2 + 4*w - 2. Let x be q(1). Suppose 0*s + 10 = -x*s, 5*s + 1323 = 2*p. Is p prime?
False
Let s(y) = 3*y**2 + 4*y - 3. Let h(r) = r**2 - 1. Let f(m) = -6*h(m) + s(m). Let o(q) = -q**2 + 2*q + 1. Let l(d) = -4*f(d) + 7*o(d). Is l(4) a prime number?
True
Is (-25)/80*-228374 + (-1)/(-8) a composite number?
True
Is (-6778)/(-2)*((8 - 5) + -2) a composite number?
False
Let v(a) = a. Let l be v(0). Suppose -y - 5*y + 3342 = l. Is y a composite number?
False
Let n = -2 + 5. Suppose 2*s + n*u = -177, 3*u + u + 364 = -4*s. Let b = 179 + s. Is b prime?
True
Let a(f) = 34*f**2 - 7*f + 11. Let h be a(5). Suppose -c + h = 6*c. Is c prime?
False
Suppose -3*q + 410 + 1213 = 0. Suppose -4*o = -5*c + 911, -3*c = -0*o - o - q. Is c a prime number?
True
Suppose 2*c - 647 = 25. Suppose 1974 = 4*v - 5*h, 5*v - 3*h + 7*h = 2447. Let r = v - c. Is r prime?
False
Let s = -40 - -38. Is (-1)/(-2) - 1165/s prime?
False
Let q(d) = d**3 - 2*d**2 + d. Let k(r) = r**2 - 5*r + 6. Let g be k(4). Let w be q(g). Suppose i = 2, -i = -w*p - 6*i + 332. Is p a composite number?
True
Let c(s) be the first derivative of -9*s**4/4 - 10*s**3/3 - 7*s**2/2 + s + 5. Is c(-5) prime?
True
Suppose -4*y = -12, 28 = z + 3*y + 9. Suppose z*g = -3*g + 4953. Is g composite?
True
Let y be (-7)/((-14)/396) + 2. Suppose 0 = 4*t, c + 0*t - t - y = 0. Suppose -68 = -4*i + c. Is i prime?
True
Suppose 33 = t - 5*w, -5*w + 0*w = -5*t + 85. Let x = -13 + t. Is -111*(-3 - x) + -2 a composite number?
False
Let g = -74 - -76. Suppose -g*i + 7*i - 898 = 3*y, 4*y - 533 = -3*i. Is i composite?
False
Is (-76016)/(-48)*(3 - 0) a prime number?
True
Let h(j) = -4*j + 6. Let u be h(7). Let y = u + 13. Let r = y + 15. Is r prime?
False
Let s(u) = 21*u**2 - 6*u - 7. Let t be s(-7). Let g = t - 442. Suppose 3*y - 335 - g = 0. Is y a composite number?
True
Let w(g) = 6*g - 3. Let l be w(2). Suppose 0 = -3*r + l, -3*p - 2*p = -r - 77. Is 80/p*74/2 a prime number?
False
Suppose 3*s - 25 = -5*t - 4, -13 = -2*s - 3*t. Let u = -213 + 217. Suppose 2*w + s*w = -2*b + 286, -4*w = u*b - 584. Is b a composite number?
False
Let n(o) be the third derivative of -o**4/8 + 4*o**3/3 - 3*o**2. Let z be n(3). Let i(s) = -17*s + 2. Is i(z) prime?
True
Let d = -7304 + 12861. Is d a prime number?
True
Suppose 5*s = -137 - 1753. Let o = 1133 - s. Is o prime?
True
Let p(j) = 15*j**3 + 26*j - 177. Is p(11) a prime number?
False
Suppose 8001 = 3*s - 3756. Is s a composite number?
False
Let q = 35701 + -20688. Is q a composite number?
False
Suppose -2*x + 7*x = -3*h + 7844, 4*x + 2*h - 6274 = 0. Is x prime?
True
Suppose -630 = -2*j + 4*j + 3*r, 4*r = -5*j - 1561. Let w = 236 + 216. Let c = w + j. Is c a composite number?
True
Is (-7032933)/(-606)*4/9 composite?
True
Let f = 5279 - -11142. Is f composite?
False
Suppose 4*p = 4 + 4, o - 672 = -5*p. Suppose 4*m - o = 1014. Is m a composite number?
False
Let z(a) = 4*a + 2*a**2 - 10 - 6*a**2 + 2*a + 7*a**2. Is z(7) a prime number?
True
Let i(d) = -13*d + 212. Let l be i(16). Let n = 744 - 489. Suppose -n = -9*c + l*c. Is c a prime number?
False
Suppose 5*f + 41 = 1621. Let j = 837 - f. Is j a composite number?
False
Let f be (-142360)/70 - (9/7 + -1). Let y = f + 3937. Is y a composite number?
True
Let c(w) = w**3 - 16*w**2 - 2*w + 28. Let m be c(16). Is 158 + 3/m + 30/8 composite?
True
Let s(z) = -2*z - 9. Let h be s(-6). Suppose k = -i - 1, 2 = 4*k - h*i + i. Is 0 + (130 - (k - -3)) a composite number?
False
Suppose 72 = -10*r + 2*r. Let g(c) = -c**2 - 12*c + 10. Is g(r) a composite number?
False
Is (-3)/2*6266/(-3) prime?
False
Let n = 4836 - 3395. Is n composite?
True
Let v(i) = 7*i**2 - 10*i - 6. Is v(17) composite?
False
Let u(j) = j - 2. Let o(k) = k**2 - 6*k + 9. Let y be o(6). Let f be u(y). Suppose f*l = 4*l + 105. Is l a prime number?
False
Let k(c) = -c**3 - 10*c**2 - 7*c + 20. Let o be k(-9). Suppose 0 = -0*d + 3*d - o*g - 993, -331 = -d - g. Is d a prime number?
True
Let o(w) = -w**3 - w**2 + 3*w + 541. Is o(0) a composite number?
False
Let y = -3293 - -7706. Is y a composite number?
True
Suppose -21*b = -24*b + 462. Let q = -219 + b. Let i = 288 + q. Is i composite?
False
Let h(v) = -v**3 + 12*v**2 + 25*v + 5. Is h(-9) a prime number?
True
Let j(c) = c - 7. Let o be j(10). Let v be (2/o)/((-3)/(-27)). Suppose 2*t - v*t = -228. Is t prime?
False
Let h(z) = -102*z + 11. Let r be (-21)/(12/4) + 3. Is h(r) composite?
False
Suppose -9 = 18*u - 21*u. Suppose 4*i = 3*n - 4*n + 931, -2*n + u*i + 1807 = 0. Is n a composite number?
False
Suppose 5*w = 3*p + 4, p = 3*w - 2*w. Suppose 0 = -v - 4*m + 1315, 0 = -3*v + p*m + 4327 - 368. Is v a prime number?
True
Let l(m) = -m**2 + 2*m + 2. Let a be l(4). Let u(h) = 4*h**2 + 2*h. Let k be u(a). Suppose 5*d = 4*y + 1187, 5*d - 1304 = -y - k. Is d a prime number?
False
Suppose -4*m + 5*b - 1 = -26, -4*b = 5*m - 62. Suppose q - 58 - 111 = 0. Is q/2 - (-5)/m composite?
True
Suppose j = d + 2*j - 40, 10 = d - 5*j. Suppose 4*g = -3*g - d. Is (3/(-9))/(g/3165) a composite number?
False
Is (-12945)/(-10) - (-15)/(-10) composite?
True
Let p = -